et l be (-958)/(-6) - 1/(-3). Suppose -5*d - 71 + 101 = 0. Let o(b) = b**2 + 9*b - 70. Let i be o(d). What is the greatest common divisor of l and i?
20
Suppose 0 = 3*o + 7*o - 30. Suppose -2*c + 154 = 3*y, -y = o*y - 2*c - 224. Suppose 6 = -8*u + y. What is the highest common divisor of 102 and u?
6
Let j be (-2 + 13)*(31 - 22). Let c(b) = -6*b + 155. Let o be c(24). Calculate the greatest common divisor of o and j.
11
Let a be (-4)/6*27/18. Let w be -75 + (1/a)/(-1). Let o = 3 - w. Calculate the greatest common factor of o and 7.
7
Let y be 53 + 0*(-4)/(-28). What is the greatest common factor of 424 and y?
53
Let d be -40 - -41 - 3/((-3)/44). Let r(c) = 6*c + 110. Let k be r(d). What is the highest common factor of k and 20?
20
Suppose -860*b = -847*b - 2223. Calculate the highest common factor of b and 19.
19
Suppose -2*i + 2 = 3*u, 0 = -2*i - u - 0 + 10. Suppose 6*y - 222 = -12. Let d be (-32 - 0)*y/(-20). Calculate the highest common divisor of d and i.
7
Suppose 20*n - 1530 = 8430. Suppose -90 = -6*b + n. What is the greatest common divisor of 42 and b?
14
Suppose 31*b - 6757 - 7472 = 0. Calculate the greatest common divisor of b and 621.
27
Suppose -22*r + 7*r + 11610 = 0. What is the greatest common factor of 180 and r?
18
Let p be (4/8)/(34041/11346 - 3). Suppose 14*w = p + 4619. What is the greatest common divisor of w and 372?
93
Suppose -18*h = -2024 - 2476. Let w = h + -236. What is the greatest common divisor of w and 350?
14
Let t(l) = -l**3 + 3*l**2 + 271*l + 59. Let x be t(-15). Calculate the highest common factor of x and 1078.
22
Let v = -1311 + 2062. Suppose -7351 + v = -4*u. Suppose -7*l + 12*l - u = 0. Calculate the highest common factor of 30 and l.
30
Let u(i) = -5*i - 20. Let t be u(-10). Let s = t - 39. Let z be (-15)/6*(s - -7). Calculate the highest common factor of 65 and z.
5
Let q be (-13 - (-1)/(-1)) + 875. What is the highest common factor of q and 4182?
123
Let s = 4961 + -4072. What is the highest common divisor of s and 3175?
127
Let f be (-16)/56 - 51/(-7). Let z be 2/f - (-1206)/42. Let x be ((-2)/(-4))/((-77)/(-4466)). Calculate the greatest common divisor of x and z.
29
Suppose 0 = 98*s - 6*s - 9384. Let u(l) = 6*l**3 - 3*l. Let t be u(3). What is the greatest common divisor of s and t?
51
Suppose -312*w + 1325 = -259*w. Calculate the highest common divisor of w and 35825.
25
Suppose 9365*x = 9383*x - 262151 - 64675. Calculate the highest common divisor of x and 67.
67
Suppose -85 + 27 - 68 = -42*q. Calculate the highest common factor of q and 717.
3
Let s = -30401 + 30501. Calculate the highest common factor of s and 1475.
25
Let s = 2862 + -2808. Let v(c) = 4*c**2 + 3*c. Let l be v(9). What is the highest common divisor of s and l?
27
Let w(v) = 18*v + 7. Let j be w(3). Suppose -j*o + 68*o = 49. Let n = 0 + 1. Calculate the highest common divisor of n and o.
1
Suppose 3*y + 2*l + 6 = 0, -3*l + 5 = -4*y - 3. Let h = y + 12. Suppose -6*p = -p - 5*z - 115, -h = -2*z. Calculate the highest common factor of 224 and p.
28
Let x = 60 - 34. Suppose x = 2*s - 0*s. Let j = -314799 - -314812. What is the highest common divisor of s and j?
13
Let l be (-33 - -22)*20/(-22). Let j(h) = 4*h**2 + 17*h + 74. Let p be j(l). Calculate the highest common factor of 28 and p.
28
Let m = -2 - -4. Suppose 6 = -4*a - 54. Let l be (-2 + 0)/(-4) + a/(-10). Calculate the greatest common divisor of l and m.
2
Suppose -16*i - 5*i = -567. Let n(h) = -h**3 + 6*h**2 + 2*h. Let l be n(3). Let s = i + l. What is the greatest common factor of 24 and s?
12
Suppose 2*x = 20 - 12, 69 = 3*h + 3*x. What is the highest common factor of 513 and h?
19
Let s(f) = 385*f**2 + 5*f - 5. Let v be s(1). Let q = -31 + 136. What is the highest common divisor of q and v?
35
Let y be ((-60)/18)/((-3)/11*(-10)/(-540)). Calculate the highest common divisor of 1056 and y.
132
Let s be (7*-44)/(5*(-14)/35). What is the greatest common factor of s and 4081?
77
Let s(j) = j**3 - 4*j**2 - 6*j + 3. Let o be s(6). Suppose a + 5*c = 185, 2*a - 9 - 387 = 3*c. What is the greatest common factor of a and o?
39
Let v(z) = 159*z**2 - z. Let o be v(-1). Suppose -42*g = -2697 + 5 + 4. Calculate the greatest common divisor of g and o.
32
Suppose -4*w = -k + 174, 7*w = 2*w - k - 222. Let o = w - -52. Suppose 4*h + o*h - 84 = 0. What is the greatest common divisor of h and 56?
7
Let b = -26 + 28. Let i be 91 + ((-36)/24)/(b/4). Suppose 0 = 4*w + 3*u - 41, -4*w - 3*u = w - 49. What is the highest common divisor of i and w?
8
Let k = -18322 + 18362. Calculate the highest common factor of k and 508.
4
Let k be ((-16)/(-12))/((-8)/36*-3). Suppose -k*z + 448 = 6*z. What is the highest common divisor of z and 28?
28
Let g be 14/((-196)/(-13566)) + 10. What is the highest common factor of g and 33?
11
Suppose 5*u - 79 = -5*i + 2*i, 107 = 5*i - 4*u. Suppose 0 = -31*b + 28*b - 3*q + 96, -4*q = -2*b + 10. Calculate the greatest common divisor of b and i.
23
Suppose 725 = y + 4*y. Suppose 0 = -5*z - 0*i - 2*i - 349, 5*i = -10. Let b = y + z. What is the greatest common divisor of 114 and b?
38
Let c = 8243 + -8152. What is the greatest common factor of c and 806?
13
Suppose -n + 19 = -15. Suppose 39406 = 5*s + 56*s. What is the highest common factor of n and s?
34
Let t(c) = -c**3 - 6*c**2 + 36*c - 23. Let l be t(-17). Calculate the greatest common factor of l and 16.
16
Let l be 27 + (-707)/(-28) - 18/8. Calculate the highest common divisor of 475 and l.
25
Let u = -36 - -63. Let d be -78*((-9)/(-2) + -9). Calculate the greatest common divisor of d and u.
27
Let u be (6/(-5))/(((-102)/20)/17). Suppose -4*r - 36 = -x, -u*x + r = -2*x - 65. Let q = -3 - -11. Calculate the highest common factor of x and q.
8
Suppose 11*m - 4*m = 21. Let d(y) = -16*y**3 + 2 + 55*y**3 + 8*y**2 - 18*y**3 + y - 20*y**m. Let a be d(-7). Calculate the highest common factor of 396 and a.
44
Let v = 474 - 466. What is the greatest common divisor of 44 and v?
4
Let x(y) = -16*y**3 + y**2 + 5*y + 3. Let h(u) = -2*u**2 - 38*u + 39. Let c be h(-20). Let r be x(c). What is the highest common factor of 30 and r?
15
Let y be ((-4940)/228)/((-174)/171 + 1). Calculate the highest common factor of 760 and y.
95
Let r(s) = s**3 - 6*s**2 - 4*s + 3. Suppose -4*k = d - 28, -3*k = -4*k - 4*d + 7. Let c be r(k). What is the highest common divisor of 9 and c?
3
Let q(v) = 2*v**2 + 13*v + 27. Let a be q(-4). Suppose 86 = a*u - 33. Let h be (-16 + -1)/(-3 - -2). Calculate the highest common divisor of h and u.
17
Suppose 0 = 64*h - 89*h + 550. What is the highest common divisor of h and 2706?
22
Let j be 104*((-1)/1 + 2). Let p = 1448 - 1188. What is the highest common divisor of p and j?
52
Let m be -52*(490/(-4))/7*(-126)/(-105). Calculate the highest common divisor of m and 252.
84
Let c(b) be the first derivative of -b**3 - 14 - b - 1/4*b**4 - 7/2*b**2. Let n be c(-3). Calculate the greatest common factor of n and 30.
10
Suppose -2*o = 5*s - 33, -3*s - 67 = -3*o - 7. What is the greatest common factor of o and 7277?
19
Let s = -17516 - -28835. Calculate the greatest common divisor of 294 and s.
147
Let u be 17*(6/(-5) + 4544/20). Calculate the greatest common factor of u and 136.
34
Let i be (-6)/(-4) - (1971/(-18) + 6). Let j be (-1 - -6) + i - 2. Calculate the highest common factor of j and 4.
4
Let i(z) = z**3 - 15*z**2 - 7*z - 210. Let r be i(16). Let v be 1/3 - 413/(-3). Let j = r + v. Calculate the greatest common factor of 18 and j.
18
Suppose 130*i + 99 = 141*i. Suppose -5*n + 20 = -2*v, -5*v + 55 = 2*n + 3*n. Calculate the greatest common divisor of i and n.
3
Let s be (-4914)/1092 - 17/(-2). Let r = -133 + 201. What is the highest common divisor of s and r?
4
Suppose -28*h + 4116 = 532. Let f be -1 + (-3 - -71 - 3). What is the highest common factor of h and f?
64
Suppose 16 - 26 = 2*d, 0 = -6*r - 3*d + 1329. What is the greatest common divisor of r and 952?
56
Let b be 3*29/(87/172). Calculate the highest common factor of b and 2795.
43
Suppose -157 = -y - 25. Let t = -122 - -124. Suppose 0 = -k - j + 17, -7*k = -t*k - 5*j - 35. What is the highest common factor of k and y?
12
Let w be ((-106)/(-4))/(25/(-100)). Let j = -82 - w. Calculate the highest common divisor of 112 and j.
8
Suppose -21*r + 59*r - 11362 =